en 103 is divided by 2 + (c - -5) + 22?
25
Let p be 54/6 - 5 - 21. Let x(a) = -a**3 - 21*a**2 - 66*a + 36. What is the remainder when 7 is divided by x(p)?
1
Suppose -4*s - 11764 = -5*x + 3321, 0 = 4*s + 20. What is the remainder when x is divided by 67?
65
Let k = -885 - -993. What is the remainder when k is divided by 27?
0
Suppose 999*n - 176 = 991*n. What is the remainder when 658 is divided by n?
20
Let a(p) = 3*p**2 + 5*p + 5. Suppose -47*c - 327 = -2818. Calculate the remainder when c is divided by a(-4).
20
Let a(i) = 5*i**2 + 24*i + 479. What is the remainder when a(-23) is divided by 44?
20
Suppose -4*m = h - 80, -236 = 4*h + m - 601. Calculate the remainder when h is divided by 68.
24
Let b(w) = 3*w**2 + 6*w + 6. Let q be b(-2). Suppose -8*h = q*h - 420. Calculate the remainder when 56 is divided by h.
26
Let n = -1439 - -1483. What is the remainder when 395 is divided by n?
43
Suppose 0 = -4*v - b + 44, b = -5*v + 4*v + 11. What is the remainder when (232/290)/((-1)/(-80)) is divided by v?
9
Let d(q) = q**3 + 3*q**2 + 26*q + 78. Let w be d(-3). Suppose w = -5*m + u - 4*u + 718, -2*u - 738 = -5*m. Calculate the remainder when m is divided by 50.
46
Let x be ((-20)/6 - -4)*3. Let m = 18 - x. Calculate the remainder when m is divided by (-864)/240*10/(-6).
4
What is the remainder when 47 is divided by 0 + -2 + (-96)/(-36) - (-192)/9?
3
Suppose -329*n = -339*n + 4720. What is the remainder when n is divided by 22?
10
Suppose -162 = -3*p - 2*i, -33*i = -31*i - 12. What is the remainder when 383 is divided by p?
33
Suppose 5*m - 70 = 3*m. Let i = -129 + 420. Suppose a = -2*w + 167, 7*a = -w + i + 917. What is the remainder when a is divided by m?
33
Suppose -5*w - 3*t + 252 = 0, -2*w + t + 103 = -0*t. Suppose 5*a = 38 - 3. Suppose -a*k + 83 = -8. What is the remainder when w is divided by k?
12
Let i be (48/32)/((-2)/(-4)). Suppose i*w + 2 = 5*w, 2*w + 200 = 2*o. Calculate the remainder when o is divided by 15.
11
Suppose -556 = -4*c + q, 0*c - 4*c + 568 = -4*q. Calculate the remainder when c is divided by 2059/58 - ((-28)/(-8))/7.
33
Let l be (-10)/12 - (-61237)/(-114). Let h = l + 556. What is the remainder when 1 + -2 + 2 + 84 is divided by h?
13
Let w = 992 - 704. Let k = w + -276. What is the remainder when 53 is divided by k?
5
Suppose 18 = 7*s - 17. Suppose 0 = -g - s, -4*j + 3*j + 4*g + 245 = 0. Calculate the remainder when j is divided by 19.
16
Let z = -105 + 168. Suppose -5*c + 1249 = 4*v, 2*c = 3*v - c - 930. Calculate the remainder when v is divided by z.
59
Let a = -17075 - -17082. Let i(n) = -2*n**3 - 2*n**2 + 2*n + 3. Calculate the remainder when i(-2) is divided by a.
0
Suppose -3*b = -2*z - 2, 3*b - 3*z - 4 = -2*b. Let r be ((-18)/((-1)/(1/b)))/(-1). Calculate the remainder when 34 is divided by ((12/(-4))/3)/(1/r).
7
Let w = 2127 - -578. What is the remainder when w is divided by 21?
17
Suppose -41*y + 451 = -417 + 89. Calculate the remainder when 3817 is divided by y.
17
Suppose -16764 = -5*x - 6*x - x. Calculate the remainder when x is divided by 56.
53
Let s(c) = c**3 - 11*c**2 - 13*c + 26. Let d(r) = 9*r**2 + 31*r - 172. Calculate the remainder when d(5) is divided by s(12).
12
Let w(u) = u + 503. What is the remainder when w(-61) is divided by 39?
13
Let z(c) = 31*c**2. Let l = -1263 + 1265. What is the remainder when (l + -14)/(-12)*(0 + 182) is divided by z(-1)?
27
Suppose 1220*z = -825*z + 531700. Suppose -4*a + 6*a - 88 = 0. What is the remainder when z is divided by a?
40
Suppose 5*f + m - 6 = 0, 5*f + 0 = -3*m - 2. Suppose -f*u + 58 = h + 18, 4*u - 80 = -5*h. What is the remainder when 57 is divided by u?
17
Let g(r) = r**2 - 8*r + 18. Let h be g(6). Suppose -h*n = -318 - 156. What is the remainder when n is divided by 40?
39
Let v(t) = 7*t**2 - 88*t + 199. What is the remainder when 6913 is divided by v(10)?
16
Let o = -760 - -1085. Suppose 0 = -7*k + 2*k + o. Let r = -784 - -801. What is the remainder when k is divided by r?
14
Calculate the remainder when 149 is divided by (14/4*6/21)/(17/51).
2
Let o = -3 + -97. Calculate the remainder when (-6860)/o - (-4)/10 is divided by 15.
9
Calculate the remainder when 8863 is divided by (4 + (-11)/3)*((-175)/(-5) + -8).
7
Let m(p) = 2*p - 18. Let t be m(10). Suppose -t*f = -13*f + 132. What is the remainder when 27 is divided by f?
3
Suppose -27 + 855 = 46*u. Suppose -2*h + 9460 = u*h. Calculate the remainder when h is divided by 14.
11
Suppose 0 = 4*q - 2*w - 1024, -28*w + 25*w = 0. Calculate the remainder when q is divided by 135.
121
Suppose -7102 = -51*u - 16*u. Calculate the remainder when u is divided by 22.
18
Suppose 11*h = 13*h - 42. Suppose 0 = -n + 21 + 8. Calculate the remainder when n is divided by 462/h - (7 - -4).
7
Calculate the remainder when 456 is divided by (-305)/610*(20/(-3))/((-6)/(-81)).
6
Let p = -292 + 888. What is the remainder when p is divided by 26*(-6)/(-66)*11?
24
Let u = -517 + 551. What is the remainder when 303 is divided by u?
31
What is the remainder when 59 is divided by (4556/335)/((-2)/(-5))?
25
Suppose -12*k + 15*k - 1519 = -28*k. What is the remainder when 97 is divided by k?
48
Let b(c) = -c**3 + 4*c**2 + 11*c - 12. Let g be b(5). Suppose 17*p + 16 = g*p. Calculate the remainder when 42 is divided by p.
10
Suppose -1049 = -105*q + 1261. What is the remainder when 2900 is divided by q?
18
Let d(b) = 6*b**2 + 3*b. Let x = 53 + -78. Let f = 58 + x. Calculate the remainder when f is divided by d(-2).
15
Suppose 0 = -2*b + 4, 21*h - 19*h - 28 = -4*b. Suppose 7*w - 85 = -h*w. What is the remainder when 19 is divided by w?
4
Let y = -2519 + 2532. Calculate the remainder when 213 is divided by y.
5
Let q be (-16)/20 - 24/(-5). Suppose -q*b = 0, 0 = 3*x - 0*b - 2*b - 48. Let h = 7 + x. What is the remainder when 65 is divided by h?
19
Let w be 108406/15 + 12/(-180). Suppose 0 = 36*g - 3*g - w. Calculate the remainder when g is divided by 47.
31
Let j(q) = -25*q + 43. Let z(a) = -23*a + 44. Let r(i) = -6*j(i) + 5*z(i). What is the remainder when r(7) is divided by 42?
39
Suppose -f - 2*f = -138. Calculate the remainder when f is divided by -2*((-22)/(-110))/((-6)/240).
14
Let o = 17888 - 17698. Calculate the remainder when 6266 is divided by o.
186
Let f = 26 - 0. Let k(r) = -r**2 + 7*r - 3. Let w be k(7). Calculate the remainder when f is divided by w - (16/(-4) + -8).
8
Suppose 13*l = -2*d + 7*d - 245, 5*d - 245 = -4*l. What is the remainder when 531 is divided by d?
41
Let m = -12 + 45. Let a = 36 - m. Suppose -s - 1 = 3*u - 8, 3*u + a*s + 3 = 0. Calculate the remainder when 5 is divided by u.
1
Let c(o) = o**3 + 13*o**2 - 13*o + 18. Let q be c(-14). Let d(m) = -3 - q*m + 2 + 3*m + 4*m. Calculate the remainder when d(3) is divided by 1.
0
Suppose -16 - 38 = -6*b. Let y(s) = 2*s**2 - 12*s - 3. Calculate the remainder when y(b) is divided by 6.
3
Suppose -4*b = -2*w + 64, -4*w + 4*b + b + 122 = 0. Let j(n) = 17*n + 59. Let q be j(-3). Calculate the remainder when w is divided by 28/(-21)*-6*10/q.
8
Let u(p) be the second derivative of -p**5/20 + 2*p**4/3 + 2*p**3/3 + 3*p**2 - 4*p - 13. Calculate the remainder when u(-4) is divided by 6.
2
Let s(w) = w**3 + 18*w**2 - 18*w + 234. Calculate the remainder when s(-14) is divided by 143.
126
Suppose -1047 = -14*i - 19*i + 834. Calculate the remainder when 962 is divided by i.
50
Let n = -123 - -136. Suppose -8*t - 965 = -n*t. Calculate the remainder when t is divided by 66.
61
Let s be (330/25)/(8/(-20)). Suppose -x + c - 12 = 27, 4*c = 3*x + 114. Let o = s - x. Calculate the remainder when 42 is divided by o.
6
Let h = 238 + -343. Suppose -972 = -1223*g + 1214*g. Let m = g + h. What is the remainder when 3 is divided by m?
0
Suppose 1 = r, 0 = 5*g - r - 3*r - 456. Let p = g + -61. Let d = 11 - -48. Calculate the remainder when d is divided by p.
28
Let u be 0 + 3 + (-18 - -20) - 3. Suppose -4*z - 1190 = -5*m, 3*m - u*z = 799 - 85. Calculate the remainder when m is divided by 24.
22
Suppose -9*m = -10*m + 506. Suppose -794 - m = -5*t - 4*o, -1300 = -5*t - o. What is the remainder when 14 is divided by (24/(-27))/(-4) - t/(-45)?
2
Suppose -5241 = -820*r + 815*r + 4199. What is the remainder when r is divided by 90?
88
Suppose -5*y - 12456 = -74*y + 65376. What is the remainder when 